te 3 + -8 - (3 + -4).
-4
(0 - 10 - -2) + (-11 - -15)
-4
Calculate -10 - -2 - (-10 - -9).
-7
(1 - -12) + -9 + 3
7
What is the value of 6 + -5 + 0 - 2?
-1
What is -3 + -1 + (-3 - -8)?
1
Evaluate (-6 - -1) + (8 - -4) - 3.
4
0 + -1 + -3 - (1 + -10)
5
-4 - 1 - 3 - -5
-3
Calculate 2 - -7 - 4 - (1 + 0).
4
What is the value of -5 - (8 - 6 - 10)?
3
What is (5 - (-3 - -2)) + -8 - 4?
-6
Evaluate -3 - (8 + -23 + 6).
6
Calculate -2 + 4 - (-9 + 8).
3
Evaluate 4 + -1 + (-9 - -5).
-1
What is 6 + -1 + -3 + 3?
5
What is (1 - (-2 + 2)) + (0 - 0)?
1
Evaluate (19 - 19) + 3 + 3.
6
Calculate -4 + (5 - 1) + -4.
-4
Calculate (-5 - -8) + 0 - (0 + 2).
1
Calculate (-2 - (-2 + 4)) + 9.
5
Evaluate 4 + -10 + 4 + (2 - 2).
-2
11 + -4 + (0 - 0) + 0
7
Evaluate -6 - (8 - 8) - (-13 - -1).
6
What is the value of -2 + 3 + 0 + 3?
4
Evaluate (1 - (-2 - -5)) + (-18 - -26).
6
-3 - -1 - (12 - (12 + -1))
-3
What is 4 + -3 + 3 + -9?
-5
Evaluate (-1 - (1 - 0)) + (-25 - -31).
4
What is the value of 9 + -2 - (-11 - 4 - -12)?
10
What is the value of (4 - (8 - -1)) + 0?
-5
What is the value of -12 - -15 - (-2 - (-1 - -1))?
5
Evaluate -1 + -7 + 5 + 6 - 1.
2
Evaluate 6 - (5 - 4 - -2).
3
Evaluate -2 - ((1 + -3 - -1) + -3).
2
Calculate 6 - 2 - (1 + (7 - 7)).
3
-2 - (-4 + -6) - 4
4
Calculate (-4 - -3) + 3 + -5.
-3
Evaluate (1 + 1 - -7) + -8.
1
Evaluate -1 + -3 - -1 - (2 + -5).
0
Evaluate 19 - 34 - (5 + -24).
4
1 - 4 - (5 - 5)
-3
Calculate 5 + -5 + -14 + 9.
-5
What is the value of 2 + 2 + (-2 - 2)?
0
Evaluate 737 + -736 + (-1 - (3 - 1)).
-2
Calculate -18 - -1 - (73 - 84).
-6
What is -5 - ((-6 - -4) + -5)?
2
Evaluate 4 + -4 + (1 - 2) + -4.
-5
What is the value of -4 + (3 - -5) - 5?
-1
-39 - -42 - (2 - -4)
-3
What is -2 + (-1 - 0) - (19 - 18)?
-4
What is -2 - (0 - 0) - (41 - 47)?
4
1 + (1 + -3 + 3 - 1)
1
What is (14 - 8) + (-14 - -7)?
-1
Calculate 9 - (1 + 3) - (2 - 0).
3
What is -1 + -2 - (-1 + 3 + -4)?
-1
5 - (5 - (2 - -2))
4
Evaluate (0 - (-14 - 1)) + -8.
7
What is (-2 - -7 - 1) + 0?
4
7 + (-22 + -5 - -8) - -5
-7
What is the value of (0 - 0 - 2) + (18 - 9)?
7
(-24 - -19) + (1 - -8)
4
Calculate -4 + (-8 - -15) + -4.
-1
Evaluate -3 + 7 + -2 + 2 - 0.
4
What is 7 + (4 + (-3 - 5) - 2)?
1
(-3 - -3 - 0) + (1 - -2)
3
Evaluate (-13 - -16) + (1 - -1) + -9.
-4
Evaluate 3 - -4 - (10 + -2).
-1
What is the value of -11 + (-5 - -9) + 14?
7
Evaluate -2 + 4 + -1 + -1 + -2.
-2
3 + (-5 + -3 + 4 - -4)
3
Evaluate 3 - (4 + 3) - 2.
-6
What is (-17 - 1) + (8 - 1) + 4?
-7
Calculate 12 - (-3 + -1 - -11).
5
Calculate (-22 - (-10 - -2)) + 4.
-10
Calculate (-7 - (-4 + 3)) + 1 + 4.
-1
Evaluate 2 + 3 + -2 + -7 + -1.
-5
What is the value of 1 + 4 - (21 + -16)?
0
What is -1 - (2 - (6 + -12 + 2))?
-7
3 + -1 + (-8 - -1)
-5
Calculate (-2 - 1) + (21 - 21) - 2.
-5
What is the value of (0 + 1 - 4) + 1 + 3?
1
What is -3 + (1 - -4 - -3) + -4?
1
(6 - (19 + (-3 - 3))) + 5
-2
Evaluate (-68 - -85) + (-6 - 0 - 3).
8
Evaluate (0 - 0) + (3 - (-6 + 4)).
5
What is the value of 6 - (3 + 0) - 8?
-5
What is the value of -8 + 4 + -1 + 5 + -6?
-6
2 - (7 - 2 - -2)
-5
Calculate -2 + 4 + 6 + -5.
3
0 + 1 - 8 - (-42 - -40)
-5
What is the value of -1 + 2 + 0 - (4 + 0)?
-3
Calculate 0 - (-3 + (-12 - -8)).
7
What is 29 + -29 + (-1 - (3 - 0))?
-4
What is -9 + (12 - 10) + (1 - 1)?
-7
Calculate -1 + 2 - (-4 - -10) - -2.
-3
What is 3 + -1 + -1 + 2 + -4?
-1
1 + (0 + 8 - 4)
5
-1 + -11 + -1 + 12
-1
What is 6 + -3 + 0 + 1?
4
Evaluate 3 - (1 - (1 + 1 + 2)).
6
Calculate 4 - 4 - (-10 - -4).
6
What is the value of 5 + -1 - (4 - -3 - 1)?
-2
Calculate -4 + -9 + 8 + 5.
0
Evaluate -9 - (9 + -17) - -9.
8
-2 + -3 + (-2 - -12)
5
What is the value of -3 - (9 + -7 + 0)?
-5
-1 + 1 + 10 + -24 + 8
-6
-13 - -14 - (0 + 4 + -2)
-1
Calculate (3 - 5 - -5) + (-2 - 6).
-5
What is the value of (2 - 6) + 1 + (-3 - -1)?
-5
What is 5 - (-5 - -12) - 3?
-5
What is the value of 1 + -9 + 4 + 3?
-1
What is (3 - (1 - 1)) + 1 + -3?
1
Calculate 5 - 3 - (-6 - (-6 + 3)).
5
Calculate -3 - ((7 - (-5 - -11)) + 0).
-4
Calculate -5 + 0 + (-12 - -14).
-3
What is the value of 0 + 1 - (-82 - -91)?
-8
Evaluate -3 + -7 - (-2 - 4).
-4
What is (-3 - -1 - -1) + (4 - 3)?
0
Evaluate 7 + -16 + -3 + 11.
-1
What is the value of (-1 - (-5 + 5)) + (1 - -1)?
1
What is -8 - (-9 + 3 + 3 - 14)?
9
What is 13 + -12 + (1 - 2)?
0
Calculate (-2 - 2) + (7 - (3 + 2)).
-2
What is -7 + 18 + -17 + 10?
4
Calculate (-13 - -1 - -4) + (0 - -10).
2
Calculate -2 + 5 + -11 + 2 + 8.
2
What is the value of -7 + (1 - -1 - -4)?
-1
-1 + 4 + -16 + 8
-5
Evaluate -3 + 4 - (3 + -6).
4
Calculate 3 + -1 - (0 - 1).
3
3 + (-7 - -4) + (0 - 2)
-2
3 + (2 + -4 - (4 + 0))
-3
-2 - (0 - (-2 + -2) - 3)
-3
Evaluate -4 + (-6 - -3 - -7) - 8.
-8
Evaluate -38 + 44 + (5 - (4 + -1)).
8
What is (-6 - -8) + 2 - (-1 - -9)?
-4
Evaluate -7 + 17 - (11 + 6).
-7
4 + -3 - (4 - 8)
5
Evaluate 2 - -4 - 6 - -8.
8
-3 - (-1 + (-2 + -11 - -7))
4
Calculate (2 - 15) + 2 + 11.
0
What is the value of 4 + (7 - 7) + -3?
1
Evaluate (-6 - (-3 + -2)) + 0 + 0.
-1
Calculate -4 - (-4 - -14) - -21.
7
(6 - 13) + 3 + -1
-5
Evaluate -1 - (-15 + 10) - 9.
-5
What is (8 - (5 - 3)) + -2?
4
Calculate 127 + -123 - (0 + 14).
-10
14 - (-4 + 16) - (9 + 1)
-8
Calculate -3 - (1 + (-1 - (-2 - -3))).
-2
46 - 57 - (-1 - 7)
-3
3 - 2 - -2 - 4
-1
(-3 - 7) + 4 - -4
-2
What is (1 - -1) + 4 + 2 + -8?
0
Evaluate -4 - (-9 + 2) - (-1 - -8).
-4
0 - 8 - (-14 - -3)
3
(-4 - (-5 + -3)) + -2
2
(-6 - -8 - -2) + -1 + 1
4
What is the value of 18 + -15 - (1 + -2)?
4
What is -2 + 6 + 0 + 1?
5
Evaluate -2 - 0 - (-23 - -17).
4
Calculate -34 + 16 - (-10 + 2).
-10
What is (-2 - (9 - 9)) + 9?
7
What is the value of (1 - -2) + 3 + -4 - 1?
1
What is the value of 9 + 1 - (1 - -9)?
0
What is the value of -1 - 2 - (30 - 32)?
-1
What is the value of 6 - (-12 - (-3 - 7))?
8
-9 + -2 - -4 - (-5 + -2)
0
Evaluate (-4 - -2) + 0 - -1.
-1
Evaluate (-4 - 9) + 4 + 2 + 4.
-3
What is the value of 3 + 3 + (18 - 18)?
6
(-2 - -6 - 7) + 3
0
Calculate -8 + 12 + -12 - (-3 + -10).
5
Calculate -117 + 113 - (-1 + -11).
8
(-5 - -2) + 30 + -25
2
Calculate (-1 - (2 + -3) - 0) + -1.
-1
What is the value of 7 + 1 - (3 - -4 - 2)?
3
Evaluate 3 - (5 - 4) - (-3 + 1).
4
-1 - (2 + -4 - 0)
1
Evaluate (6 + -2 - -4) + -14.
-6
What is 0 + 4 - (-1 - -1 - 0)?
4
What is the value of -6 - (-6 + -1 + 0 + 2)?
-1
Calculate -21 - (-8 + -6 + 2).
-9
7 + (1 - 13) + 4
-1
-2 - (3 - 1 - (-2 + 1))
-5
What is the value of -3 + 9 - 16 - -7 - -7?
4
7 + 7 + -6 - 6
2
Calculate -14 + (-1 - -8 - -1).
-6
What is 5 - (3 + 1 + -2 + 6)?
-3
What is the value of 4 + -1 + -1 + 236 + -231?
7
What is (12 - 7) + (2 - 4) + -8?
-5
1 + -6 - (30 - 40)
5
Calculate -2 + 3 + (9 - 6) - 1.
3
Calculate 2 + (2 - (0 + (5 - 6))).
5
What is the value of -13 - 0 - (2 - 11)?
-4
What is -5 - (0 + 1 + (-9 - -8))?
-5
What is (-1 - 1) + (-2 - -2)?
-2
Calculate -2 - 2 - (-1 - 1) - 3.
-5
Evaluate -36 + 46 + -12 + 0.
-2
6 - 1 - 4 - 0
1
What is the value of -2 + 4 + (-5 - -7)?
4
(-4 - -4) + 4 + 0
4
195 - 176 - (8 - -1)
10
Calculate 19 - (13 + -12 + 7).
11
-6 + (1 - -3) + 4
2
What is the value of -5 - (-6 + 15 - (-2 + 8))?
-8
What is the value of ((-2 - 4) + 2 - -6) + -3?
-1
2 + -1 + 5 + -6 + -1
-1
Evaluate (0 - 5) + 1 + 3.
-1
What is -2 + 1 + -15 + 7 + 4?
-5
What is 0 + (-1 - -1) - 3?
-3
Evaluate (-7 - -6) + 0 - 3.
-4
Evaluate -3 + (1 - -7) + 2 - 3.
4
Evaluate -11 - -9 - (1 - -1).
-4
Calculate -3 + -1 + 2 + -3.
-5
5 + -8 + -10 + 8
-5
1 + -1 + -2 - (-4 + -2)
4
What is -3 - 10 - (-6 + 0) - -2?
-5
What is -2 + 3 + -3 + 1?
-1
What is the value of 1 - (-9 - (-9 - -6)) - 13?
-6
(4 - (2 - 0)) + (-23 - -16)
-5
Calculate 12 + -18 - (-2 - 1).
-3
Calculate 5 - (-4 - (5 + (0 - 8))).
6
Calculate -4 - (-6 - (3 + 1)).
6
What is -3 - (6 - 0) - -4?
-5
Evaluate 3 + -1 - 10 - (-5 + 2).
-5
What is the value of -5 - ((5 - -1) + -11)?
0
What is the value of -2 - (2 - (7 - (0 - 0)))?
3
Calculate 0 + -4 - -8 - 6.
-2
What is 8 + -9 + -3 - (1 - 4)?
-1
Calculate 7 + (-8 + -3 - -6).
2
Calculate -1 + -1 + (-3 - (3 - 3)).
-5
What is the value of -4 + -4 + 11 + 1?
4
Calculate 6 - (-7 - -12 - -7).
-6
What is (-6 - -4) + -1 - (-1 - 0)?
-2
What is -6 + 3 + 1 + (1 - 0)?
-1
Calculate -3 + 0 + 8 - 3.
2
What is -6 + 4 - 7 - -6?
-3
What is -6 - (2 + 11 + -23)?
4
What is (-61 - -65) + 1 + -3?
2
What is the value of -9 + 12 - (0 - (1 + 1))?
5
What is the value of 12 - (2 +